54 - -14)))
-72
-1 - -3 - 2 - 2 - -47 - (-8199 - -8195)
49
Evaluate -76 + -26 + 7 + 24 + -6 - (2 + -8).
-71
What is the value of 26 + -7 + 6 - 18 - -15?
22
What is the value of 10 + (-46 - -33) - -18?
15
Calculate -76 - (-38 + -100 + 133).
-71
Evaluate -10 + 0 - (8 - (-5 + -6 + 34 + 12)).
17
Calculate -32 - (-21 + 49 + 31 + -64).
-27
Evaluate (-4 + 6 - 3 - -5 - -3) + 13 + -26.
-6
What is the value of 64 + -4 + (-5 - (-17 - -12) - (3 + 8))?
49
What is (1 - ((-2 - -7) + -2)) + (18 - -5 - 64)?
-43
Calculate (589 - 589) + -2 + 28 + -1.
25
What is (-57 - (-3 - 123)) + -71?
-2
Calculate -27 + -4 + (-10 - -16) + 17.
-8
-18 + (11 - (9 - -1)) + -14
-31
Evaluate 21 + -95 + (-74 - -208).
60
What is the value of 23 - (-38 + 46 + -18 + 10 + 3 + -3)?
23
Evaluate -3 - (19 - (29 + -10) - 11).
8
Evaluate -53 - (-68 - (-62 + 9)).
-38
Evaluate -123 + 86 + (12 - 1) - 22.
-48
-101 + (-39 + 174 - 29)
5
What is 4 - (260 + -274 - (-17 + -1))?
0
Calculate (6 - 68) + 37 + 11.
-14
Calculate (-8 - -13 - 7) + (123 - 97).
24
What is the value of (72 - 21) + -28 - (3 - 0)?
20
What is 104 - (49 + 77 - 89)?
67
What is the value of -112 - 30 - (8 - 37 - 8)?
-105
Evaluate 5 + -7 + (-4 - (-30 + -5)) + (102 - 106).
25
Calculate -33 + (30 - 26 - -23 - -91).
85
What is the value of -20 - (6 + 8 + -8 + 4 + 4 - 9)?
-25
45 + -24 + 7 + -16 - (-14 + 2)
24
Evaluate (24 + 1 + -2 - (93 - 90)) + -11.
9
Calculate 21 - 10 - ((4 + -2 - 5) + (-15 - -31)).
-2
What is (-27 - 1 - (-69 + -116)) + -22?
135
What is the value of 31 + 2 - 61 - -47?
19
Evaluate (-40 - -23) + (-3 - (3 - (12 + -9 + 4))).
-16
Calculate 6 - ((-17 - -9) + (-2 - -1) + 12 + 1).
2
Calculate 58 - (57 - -98 - 32).
-65
What is -8 + 18 + (1 + -6 - -1) - (1 - 10)?
15
Calculate (-19 - (-31 + 37) - -33) + 3.
11
(1 - -18) + (-133 - -81)
-33
-8 - (-13 + 2 + -3 - -26)
-20
What is 158 + -146 + (-11 - 7) - -100?
94
What is -9 + (31 - ((-33 - (-8 - 17)) + 17 + -3))?
16
What is 3 + -18 + -92 + 107 - 10?
-10
70 + -54 - (0 - -6) - (-8 + -5)
23
Calculate 16 - -3 - (33 - (10 - 44)).
-48
What is the value of (-16 - 2) + 26 + -115 + 56?
-51
Evaluate -10288 - -10224 - (-1 - 42).
-21
(14 - 12) + -3 - (-88 - 0)
87
290 - 265 - (43 - (9 + 0))
-9
Calculate -12 - (9 + -14 + -6 + 9).
-10
What is the value of -41 + (-19 - -89) - (-1 - 12 - (-2 - 1))?
39
Evaluate -11 + 24 + 113 + (25 - 74).
77
Calculate (-21 + 8 - -81) + -56.
12
What is -7 + 6 + 4 + -72?
-69
Calculate (86 - 118 - -39) + (22 - -1).
30
Calculate (736 - 751) + (29 - (-3 - -6)).
11
Evaluate 8 + (21 - -14) + -18 + -40.
-15
What is the value of 67 + -21 + (17 - (-27 + 25))?
65
Evaluate (13 - 10) + -19 + 4 - (-5 + -4).
-3
Calculate (-10 - -22) + (1 - 1) + (284 - 280).
16
What is 146 - (287 + -147) - (-121 - 2 - 1)?
130
What is (104 + -32 - -24) + 12?
108
(-22 - 3) + 29 - 33 - (3 - 0)
-32
What is the value of (13 - 2) + 19 + (74 - ((-1 - -34) + -15))?
86
Evaluate 44 + (19 - -2) + (-127 - -105).
43
Evaluate (-1 - 11 - 3) + 16 - 2.
-1
Calculate (-54 - (-1 + -5 + 7)) + -16 + -4 + 23.
-52
-24 + (76 - 44) + -61 + 2 + 13
-38
156 + 123 + -287 + (-1 - (1 - -8))
-18
Evaluate 2544 + -2519 + 34 + -2.
57
What is 41 - 2 - (2 + 47 + (365 - 423))?
48
Evaluate -137 + 141 + (-2 - -3) + -62 + 3.
-54
What is the value of 82 + 4 + -12 + (16 - -9) + 7?
106
Evaluate 59 + (-39 - 17) - (7 - 0) - -21.
17
What is the value of (14 - (24 - (23 + -12))) + -13 - -22 - 38?
-28
What is the value of -9 + (0 - 1) + (-44 - (55 + -129))?
20
(33 - (1 + (41 - 51))) + -50
-8
What is the value of (-31 - -98) + -38 - 131 - 2?
-104
Calculate 23 - 14 - (26 + 9).
-26
Evaluate 55 + -9 + (84 - 129).
1
-58 - -1 - (-1484 - -1418)
9
Evaluate -44 + 21 + (25 - 38) + 31.
-5
What is the value of (19 - 68) + (4 - (12 + -8 + -12))?
-37
Evaluate -2 - 27 - (-13700 + 13568).
103
-29 + (27 + (-34 - -19) - -10)
-7
What is the value of -63 + (0 + 2 - -12) + -207 + 83 + 125?
-48
What is 482 + -579 - (-28 + -5) - (-14 + -1)?
-49
Evaluate 19 - -65 - (12 - (-2 - 8)).
62
Evaluate 8 + 12 + -26 + (28 - 14) + 0.
8
50 + (56 - (154 + -11))
-37
What is the value of 4 + 0 + (36 - (61 + 35 + -16))?
-40
(50 - 53) + -6 + -1 - (5 + 34)
-49
Calculate (-15 - (-2 + 2 + -11)) + -26 - (12 + -7).
-35
Evaluate 1791 + -1720 + (-7 - (3 - -1)).
60
What is the value of (-74 - (-56 - 9)) + 83 + 7?
81
Calculate 20 + -118 - -27 - 10.
-81
Evaluate (47 - 13 - (-5 + 13 + 7)) + 115.
134
Evaluate -18 - (-3 - 29) - (7 + (0 - 3)).
10
Calculate 14 - (71 + 11 + -23 - (3 + (-8 - 5))).
-55
Calculate 34 - (-12 + 10 - 4) - 130.
-90
Calculate (14 - (-15 + 19)) + 6 + 1.
17
-48 + (14 - (1 + -1)) + (-13 - 3)
-50
Evaluate -16 + 1 - (-24 + 1 - -6).
2
What is -14 - ((-26 - (-28 - (-19 - -4))) + 23)?
-24
Calculate (-11 - 6) + -37 - (-2 - 4).
-48
Evaluate -318 + 461 + -84 + (1 - (1 - -15)).
44
Evaluate -12 + 77 - (-41 + 39 + -36).
103
Calculate -30 - (-92 + -3 + -25 - -11).
79
What is 68 + -98 - -85 - 3?
52
What is the value of (1 - 31) + -2000 + 2057?
27
What is -47 + 6 + (7 - -16) + -24?
-42
What is 0 + -1 + -45 + (14 - (20 + (-30 - -27)))?
-49
What is 46 + -16 - (11 - 43)?
62
What is the value of 39 - ((-7 - -91) + -17)?
-28
What is the value of 4 - ((-340 - -331) + (1 - 4))?
16
Calculate -7 + (111 + 4 + -7 - (-17 + 32)).
86
Calculate 64 - (199 - 106) - (4 + -59).
26
Calculate -2 + 0 + 14 + (1346 - 1364).
-6
What is the value of (241 - 295) + (-4 - -9 - -18)?
-31
-13 + (12 - (36 + 8 - (10 - -1)))
-34
Evaluate 49 + (9 - (44 - 11)) + -66.
-41
What is 268 + -283 - (-3 - -1) - (72 - 86)?
1
Calculate 32 - 29 - (46 - -12 - (5 + 0)).
-50
What is the value of (-73 - -5) + 2 - ((21 + -1 - 13) + -3)?
-70
Calculate 9 - (6 + -4 + 12 + -12 - 4).
11
Evaluate -8 + (-20 - 29) - (-4 + -6 + 10) - 0.
-57
Calculate -95 + 14 - (33 - -9).
-123
What is the value of (-69 - -6 - 43) + 46?
-60
Evaluate -4 - (-6 + (-6 - 5) - -26).
-13
-24 - (57 - (-35 - -32))
-84
What is the value of 11 + (-2 - (0 - 2)) - (4256 - 4212)?
-33
What is the value of 85 + (-22 - -26 - 140)?
-51
What is -1 + 14 - ((-19 - (0 + 53 - -1)) + -11)?
97
What is -11 + (8 - 3) + 27 + 0?
21
4 - (-71 - -1) - (-117 - (-89 + -39))
63
What is the value of 76 + -91 - -4 - (-1 - -1 - -17)?
-28
Evaluate 2 - 1 - (-77 + (-199 - -210)).
67
Evaluate -19 + (-21 - -32) + -6 + -86.
-100
Evaluate (-4 - -2 - -25) + -5948 + 5915.
-10
What is the value of (-8 - -10) + 91 + 454 + -469 + (-1 - -7)?
84
-86 + (-48 - -72 - -40)
-22
Calculate -24 - (219 + -221 + (0 - 0)).
-22
What is -88 - 13 - (8 + -117)?
8
(32 - 2) + 0 + (5341 - 5338)
33
-35 + 6 + 45 + -29
-13
What is (0 + 6 + -6 + -10 + 4 - -34) + -10?
18
Evaluate -2 - 50 - 2 - (184 - 162 - (8 - -2)).
-66
What is 31 + -2 + -34 + -1?
-6
(91 - (42 + -5)) + -7
47
What is the value of (27 - 17) + -14 - (2 + (4 - 31))?
21
What is the value of -3 - (-63 + 0 + (-151 - -142) + -1)?
70
What is the value of -10 - (-22 + 2) - (9 - -24)?
-23
What is the value of 831 - 756 - (47 - 1)?
29
What is -4 - (9 - (15 - -13) - -30)?
-15
Calculate -20 - ((73 - 5) + (6 - 25)).
-69
What is the value of (-60 - (-26 + 32)) + 38?
-28
Evaluate 38 + (-17 - (-27 - -19)) + -22.
7
What is -13 + (-50 - -91 - 65)?
-37
What is (-13 - 3) + (106 - 67) - -9?
32
What is -1160 - -1121 - (-16 - -4)?
-27
What is the value of 0 - -103 - (-19264 - -19411)?
-44
Calculate 54 - (112 - 65) - (-12 + 1).
18
What is the value of 1 + (291 - 300 - (-1 + (0 - 6 - 3)))?
2
What is the value of 1 + -6 + (38 - 10)?
23
Calculate -35 - (3 + 2 + -3 + -42 + 82 + -51).
-26
What is the value of 8 - (-35 + (-6 - -27) - (-8 + -2))?
12
Calculate (2 + -37 - (-328 - -314)) + 11 + 1 + 3.
-6
Evaluate -6 + 9 + -7 + (1211 - 1064).
143
What is 58 + -111 - (-20 + 2)?
-35
What is the value of -20 + (0 - -33 - (-186 + 178))?
21
What is -115 - (39 + -125) - 60?
-89
Calculate (-7 + -103 - -27) + 8 - 2.
-77
-1 + -26 + -75 + (-8 - 0) + 8
-102
13 - 3 - (-8 + -3 - -3 - 3 - 11)
32
(-5 - 53) + (-7 + -28 - -39)
-54
Calculate 77 + (-5 - -9) - 0 - (11 + -16 - 4).
90
What is 116 - (-63 + 73 - -50) - (27 - 2)?
31
Calculate (1 - (-65 - 1)) + -130 + 125 + 1 + 1.
64
Calculate 5 - (-2 + -1 + (7 - 18) + 7).
12
What is the value of 111 + -96 - (11 + 26)?
-22
What is 87 + -50 + -44 + -11?
-18
-169 + 8 + 22 - (7 - -2)
-148
What is the value of -1 + 7 + -7 + (50 - 53)?
-4
59 + (-51 - -13) + 1 + 3 + -3
22
What is 3 - (44 - -1 - (9